?
False
Is 1345565270 a multiple of 1306?
True
Is 2965222290 a multiple of 2398?
False
Is 11089386 a multiple of 297?
True
Does 66 divide 92053500?
True
Does 781 divide 106859544?
True
Is 7243028 a multiple of 77?
False
Is 8 a factor of 1676926?
False
Is 693 a factor of 36993033?
True
Is 558077056 a multiple of 1093?
True
Is 2067311717 a multiple of 5791?
True
Is 254648205 a multiple of 27?
True
Is 11 a factor of 64920437?
False
Does 3204 divide 4350546452?
False
Is 516311140 a multiple of 150?
False
Does 8 divide 7704542?
False
Is 4096 a factor of 62867965?
False
Is 154751805 a multiple of 39?
True
Is 9 a factor of 202883064?
False
Is 122 a factor of 1851771876?
True
Is 226 a factor of 10660420?
True
Does 851 divide 401300964?
True
Is 4344816 a multiple of 772?
True
Is 332616600 a multiple of 9014?
True
Does 1059 divide 795298410?
True
Does 14 divide 776231741?
False
Does 3509 divide 4919765378?
True
Is 21 a factor of 36797405?
False
Is 10 a factor of 142512827?
False
Is 15735695 a multiple of 70?
False
Is 47020449 a multiple of 3?
True
Does 46 divide 961548717?
False
Is 151360884 a multiple of 6?
True
Does 12 divide 6320400?
True
Is 811740354 a multiple of 390?
False
Does 5288 divide 97258695?
False
Is 6988972 a multiple of 2007?
False
Is 307117115 a multiple of 635?
True
Does 62 divide 249063362?
True
Does 2 divide 421956217?
False
Is 437284092 a multiple of 12?
True
Does 31 divide 1902811?
True
Is 85299513 a multiple of 419?
False
Is 922630767 a multiple of 42?
False
Is 2119878163 a multiple of 639?
False
Is 356711448 a multiple of 6?
True
Is 7 a factor of 49646305?
False
Is 17 a factor of 2137040729?
False
Is 1851 a factor of 1368868385?
False
Does 1095 divide 125985048?
False
Is 38143599 a multiple of 39?
True
Is 702047258 a multiple of 12?
False
Is 1592344352 a multiple of 812?
False
Is 648 a factor of 109640952?
True
Does 24 divide 33729816?
True
Is 1331638968 a multiple of 1496?
True
Does 2041 divide 93587421?
False
Is 311 a factor of 3921552?
False
Is 649504701 a multiple of 9?
True
Is 165 a factor of 102484725?
False
Does 44 divide 10368377?
False
Does 16 divide 1199742080?
True
Is 39729437 a multiple of 2013?
False
Is 14 a factor of 759755286?
False
Does 5294 divide 3478132?
False
Is 86882377 a multiple of 14?
False
Is 574438 a multiple of 3?
False
Does 74 divide 744601404?
False
Is 54 a factor of 24581439?
False
Is 74 a factor of 153423016?
True
Is 362 a factor of 5025646?
True
Is 28 a factor of 17859379?
False
Does 8 divide 14872962?
False
Is 109996959 a multiple of 1392?
False
Does 9 divide 107679681?
True
Does 1167 divide 54754473?
True
Is 267 a factor of 85669887?
True
Is 54 a factor of 1189440491?
False
Does 10 divide 1141083232?
False
Is 10066148 a multiple of 353?
True
Is 716797510 a multiple of 546?
False
Does 8 divide 482856?
True
Is 2 a factor of 27119140?
True
Is 26582454 a multiple of 4?
False
Is 1845413070 a multiple of 51?
True
Is 197 a factor of 25738444?
True
Is 43 a factor of 33365678?
True
Is 550 a factor of 4877014?
False
Is 55 a factor of 87126296?
False
Does 47 divide 660818590?
True
Does 9 divide 19605471?
False
Does 285 divide 46890195?
True
Is 165 a factor of 19631040?
True
Is 70405823 a multiple of 29?
True
Is 410971778 a multiple of 1918?
True
Is 7 a factor of 140073091?
False
Is 4183890 a multiple of 15?
True
Does 90 divide 4523670?
True
Does 14 divide 14634424?
True
Does 17 divide 6994932?
False
Is 10 a factor of 859375150?
True
Is 1699 a factor of 813110818?
True
Is 2 a factor of 476610?
True
Is 809 a factor of 64879449?
False
Is 2467 a factor of 318492167?
True
Does 40 divide 160587880?
True
Does 137 divide 8808389?
False
Is 40499136 a multiple of 288?
True
Is 4018472 a multiple of 29?
True
Does 2 divide 422638?
True
Is 1160 a factor of 81571200?
True
Does 6951 divide 190454807?
False
Does 18 divide 162140040?
True
Does 112 divide 2885174346?
False
Is 38537452 a multiple of 4?
True
Is 85 a factor of 122925045?
True
Does 903 divide 26243236?
False
Does 32 divide 15418400?
True
Is 252450592 a multiple of 32?
True
Does 636 divide 677426862?
False
Does 503 divide 28021124?
True
Does 14 divide 378695618?
True
Is 1900945216 a multiple of 4?
True
Is 489719708 a multiple of 64?
False
Is 50264664 a multiple of 8?
True
Is 1414076240 a multiple of 24?
False
Is 2135 a factor of 62887481?
False
Does 373 divide 1028333398?
True
Does 1303 divide 1149887076?
True
Does 10 divide 81536992?
False
Does 42 divide 31859136?
False
Does 845 divide 52714480?
True
Does 243 divide 921917049?
False
Is 3 a factor of 94548132?
True
Is 61966036 a multiple of 27?
False
Is 267878840 a multiple of 12?
False
Does 531 divide 45110043?
True
Does 25 divide 102162275?
True
Is 28554315 a multiple of 471?
False
Is 1255832892 a multiple of 642?
True
Does 9 divide 1301367825?
True
Does 554 divide 2340586036?
False
Is 1056 a factor of 50888640?
True
Is 35661411 a multiple of 1184?
False
Does 1742 divide 40536340?
True
Does 881 divide 12638826?
True
Is 167 a factor of 1948222?
True
Is 925033166 a multiple of 12?
False
Is 904722984 a multiple of 1840?
False
Is 4596 a factor of 601009728?
True
Is 2488858 a multiple of 8?
False
Does 2886 divide 1543245210?
True
Does 1197 divide 265408416?
True
Does 82 divide 3669707213?
False
Is 231 a factor of 312541152?
True
Is 31 a factor of 1106368671?
False
Does 46 divide 452675089?
False
Is 87 a factor of 130865132?
False
Is 127 a factor of 41348787?
True
Is 24547691 a multiple of 31?
True
Is 273 a factor of 952202979?
True
Is 49 a factor of 3310170843?
True
Is 5 a factor of 165461200?
True
Is 124278335 a multiple of 95?
True
Is 22 a factor of 701755318?
True
Is 118365962 a multiple of 143?
True
Is 260207988 a multiple of 3307?
True
Does 4 divide 13124924?
True
Does 3393 divide 6624134578?
False
Is 451 a factor of 105833013?
True
Does 130 divide 1217883?
False
Is 10 a factor of 237829452?
False
Is 13 a factor of 3055698126?
True
Is 83302402 a multiple of 8?
False
Is 3 a factor of 78138717?
True
Is 28 a factor of 292864931?
False
Is 261400731 a multiple of 23?
False
Is 308418300 a multiple of 20?
True
Is 65 a factor of 62833875?
True
Is 264 a factor of 66249728?
False
Is 3 a factor of 35245564?
False
Is 6302 a factor of 2372151524?
False
Does 9 divide 93233853?
True
Does 3160 divide 486845689?
False
Is 10 a factor of 1182750234?
False
Does 2342 divide 537999556?
True
Does 2322 divide 11742354?
True
Is 6867 a factor of 251439919?
False
Does 4 divide 55750933?
False
Does 524 divide 21452560?
True
Is 590 a factor of 9993001?
False
Is 2036 a factor of 200433888?
False
Does 2158 divide 773703241?
False
Does 35 divide 72130809?
False
Is 3863 a factor of 1293392020?
False
Is 825316884 a multiple of 204?
True
Is 145162631 a multiple of 415?
False
Is 15 a factor of 777074394?
False
Is 269 a factor of 120341882?
False
Is 154 a factor of 48363359?
False
Is 90 a factor of 76267620?
True
Is 89926725 a multiple of 721?
True
Does 234 divide 673458311?
False
Does 239 divide 449773383?
True
Does 2328 divide 1731524575?
False
Is 32486718 a multiple of 11?
True
Does 28 divide 212269904?
True
Is 532118404 a multiple of 4661?
True
Does 372 divide 52347195?
False
Is 257 a factor of 272435972?
False
Does 2 divide 678958?
True
Is 10114797 a multiple of 4?
False
Is 51756368 a multiple of 3?
False
Is 1765275640 a multiple of 10?
True
Does 13 divide 44734690?
True
Is 1896 a factor of 50731472?
False
Is 402086590 a multiple of 10?
True
Is 1722893626 a multiple of 11?
False
Is 24031019 a multiple of 3185?
False
Does 93 divide 25256570?
False
Does 632 divide 38483744?
True
Does 15 divide 1637295?
True
Does 31 divide 2200522980?
False
Does 56 divide 1576054368?
True
Is 159 a factor of 34271019?
True
Is 1109 a factor of 36145637?
True
Does 9 divide 183826273?
False
Is 43 a factor of 163044863?
True
Is 137 a factor of 1175281110?
False
Does 5 divide 14785575?
True
Is 3012903531 a multiple of 1342?
False
Is 55 a factor of 88436645?
True
Is 399107772 a multiple of 6551?
False
Is 1160 a factor of 4031483720?
True
Is 258 a factor of 105503940?
True
Does 184 divide 964982848?
True
Does 1421 divide 2346071?
True
Is 23853024 a multiple of 828?
True
Does 100 divide 21454286?
False
Is 2347986608 a multiple of 7?
False
Is 178237250 a multiple of 1